 1 + j/(-12). Suppose g = -l + 99. List the prime factors of l.
2, 3
Let t = 5537 - 3010. List the prime factors of t.
7, 19
Suppose -17*h = 88 + 337. Let f = h - -80. List the prime factors of (0 - -5)/(11/f).
5
Suppose -4*t = 5*v - 24, -5*t - 5*v + 30 = -v. Suppose t*o - 586 - 4460 = 0. What are the prime factors of o?
29
Let v(j) = 12477*j - 379. What are the prime factors of v(3)?
2, 59, 157
Suppose v - 481 = -5*x, 6*v - 4*x - 1405 = 3*v. Let f = 863 - v. List the prime factors of f.
2, 7
Suppose -9*d + 12*d = -261. Let j = 511 + d. List the prime factors of j.
2, 53
Let s = -942 - -529. Let a = 894 + s. What are the prime factors of a?
13, 37
Suppose 5*o - 16173 = -3*f, 0 = 5*f - 3 - 2. List the prime factors of o.
2, 3, 7, 11
Let x be 2/8 + (-7)/(-4). Let n be (x + 0 + 0)*-1. List the prime factors of (-75)/n - (1 + (-3)/6).
37
Suppose 2*h = -5*y + 45590, -y + 13826 - 4700 = 2*h. List the prime factors of y.
2, 43, 53
Let p(s) = -s**3 + 5*s**2 + 4*s + 14. Let o = -11 - -21. Let r = o - 4. What are the prime factors of p(r)?
2
Let y(h) = 3*h**2 + 101*h - 128. List the prime factors of y(-52).
2, 683
Suppose 391*q - 387*q + 3*d = 126897, 2*q - 63436 = -4*d. List the prime factors of q.
2, 3, 661
Let z be 2/(-15) - (11564/(-105) - -2). Let h(m) = -5*m**3 + 2*m**2 + m - 2. Let l be h(-2). Let r = z - l. List the prime factors of r.
2
Let l be 16*(9/12 - -4). Let k = l - 47. Suppose 0 = -8*p + 107 + k. What are the prime factors of p?
17
Let w(f) = -f**2 - 18*f + 10. Suppose 28*m - 25*m + 18 = 0. Let j be (136/(-12))/(m/(-9)). List the prime factors of w(j).
3
Let c be (7/(-56) + 21/40)*5. Suppose 2*u - 3*u = -c*m - 241, -3*m = u - 261. List the prime factors of u.
3, 83
Let w = 598 + -561. Suppose 18*l = -w*l + 19910. List the prime factors of l.
2, 181
Let a = -4221 + 13760. List the prime factors of a.
9539
Let k = -317 - -342. What are the prime factors of (-12)/(-2) - (-23825)/k?
7, 137
Suppose 4*k + 0*k + 2*f = 178, -5*k = 2*f - 220. Let a(q) = q**3 - 43*q**2 + 42*q + 36. List the prime factors of a(k).
2, 3
Let a = 72 + -60. Suppose -a = -16*n + 12*n. Suppose 2*q + 0*t - 210 = -t, n*q - 315 = 2*t. What are the prime factors of q?
3, 5, 7
Suppose 2*l = -6, 61*l + 43511 = q + 78*l. List the prime factors of q.
2, 23, 947
Let p(z) = -477*z + 827. What are the prime factors of p(-11)?
2, 3037
Let v = -660 - -663. Suppose 4489 = -2*l + 5*l - 5*i, -v*l = 2*i - 4475. What are the prime factors of l?
1493
Let n(b) be the third derivative of -b**5/60 + 7*b**4/24 - 5*b**3/3 - 2*b**2. Let k be n(5). Suppose -4*v + 478 - 98 = k. What are the prime factors of v?
5, 19
Let t(y) = 5*y - 8. Let g be t(8). Let n be 6/(-2) + -11 + g. Let c = n + 2. What are the prime factors of c?
2, 5
Let p(x) = -389*x + 21. Let m(i) = i. Let y(g) = 3*m(g) + p(g). Let u(q) = 77*q - 4. Let a(t) = 11*u(t) + 2*y(t). List the prime factors of a(2).
2, 37
Suppose 4634*a = 4630*a + 6292. What are the prime factors of a?
11, 13
Let i = -64 + 39. Let w be (-72)/(63/(-7)) + -1 + -4. What are the prime factors of (-58)/(i/5 + w)?
29
Let y(l) = l**2 - 20*l - 9. Let m be y(-13). Suppose k = 5*k - m. What are the prime factors of k?
3, 5, 7
What are the prime factors of 201*((-4496)/(-114) + (-16)/152)?
2, 59, 67
Let s be (6/8)/((-14)/(-112)). Suppose 15*j - s*j - 3015 = 0. List the prime factors of j.
5, 67
Suppose -3*z - 5*y = -z - 1, -5*z = -2*y + 12. Let v be (26 - 20)/(z/4). What are the prime factors of 278/12 + ((-22)/v - 2)?
23
Let d(m) = -m**2 + m + 12. Let t be d(4). Let q(x) = -12*x + 894. What are the prime factors of q(t)?
2, 3, 149
Let y(i) = 3*i**2 - 7*i - 131. Let t(o) = 4. Let q(c) = -4*t(c) - y(c). List the prime factors of q(0).
5, 23
Suppose 2*m + 94*r - 16034 = 95*r, 2*r = 6*r. What are the prime factors of m?
8017
Suppose 104*v + 162012 - 477327 = 83*v. List the prime factors of v.
3, 5, 7, 11, 13
Let m = -120 + -221. Let b = m - -454. What are the prime factors of b?
113
Let l be 119 + 2 - (2 + (-7 - -4)). List the prime factors of l/8 + -1 + (-7)/28.
2, 7
List the prime factors of (-199)/((-5)/(435/(-9)))*-3.
29, 199
Let x be 1 - (4 + -5)*5. Let p be x/3*(3 + 286/4). Suppose -91 = -5*u + p. What are the prime factors of u?
2, 3
Suppose -2*v - 2*v - 3*s = -32, 4*s - 21 = -v. Suppose 0 = -3*y - 4*i + 2*i + 34, v*i - 40 = -3*y. List the prime factors of ((-4)/(-6))/((y - 3)/1890).
2, 3, 5
Let j(t) = 9*t**2 + 37*t + 77. Let z be j(-24). Suppose 803 = -10*y + z. List the prime factors of y.
3, 7, 17
Let a be 98 - (1/(-4) + (-252)/(-112)). Suppose -7*x + a = -6*x. List the prime factors of x.
2, 3
Suppose 6 = 19*f - 21*f, -4*f + 11910 = 3*s. What are the prime factors of s?
2, 1987
Let c(l) = -1520*l - 109. List the prime factors of c(-14).
3, 7057
Suppose -95*t + 67183 = -58122. List the prime factors of t.
1319
Let i be (-4 + 5)/((-7)/(-133)). Suppose -2*l = -2*r - 702, -23*l + 3*r = -i*l - 1409. What are the prime factors of l?
2, 89
Suppose -51*l + 62*l = 66. Let f be 9*(1 + 0 + 0). Suppose f*z = l*z + 150. What are the prime factors of z?
2, 5
Suppose 2*v - 8229 = -3355. Suppose 7*u + 5*o = 3*u + v, 4*u + 3*o = 2427. List the prime factors of u.
3, 67
Suppose -3*k + 78787 = 88*z - 84*z, -14 = 2*k. List the prime factors of z.
2, 9851
Let o(c) = 62*c**3 + 4*c**2 + 15*c + 20. List the prime factors of o(6).
2, 6823
Let w = -36 + 267. Suppose 75 = 34*k - 197. Suppose -w = -k*s + s. What are the prime factors of s?
3, 11
Suppose 0 = -5*p + 37 - 22. Suppose -2*r - 5*l = 17, -2*l + p*l = r - 9. List the prime factors of (-4 + 134)/(r/2).
5, 13
Suppose 0 = 41*o - 45*x + 48*x - 154201, -2*o - x = -7522. What are the prime factors of o?
3761
Suppose 4*b + 26902 = 7*p, -6*p - 3*b = -5*p - 3861. What are the prime factors of p?
2, 3, 641
List the prime factors of -3 - -1 - (-1 - -3) - (-109 - 4736).
47, 103
Let j be 74/6 - (-38)/(-114). Suppose z + 2*z - 1348 = -o, j = 3*o. What are the prime factors of z?
2, 7
Let k(f) be the third derivative of 0*f - 4*f**2 + 1/120*f**6 + 0 + 0*f**3 - 1/12*f**4 + 7/30*f**5. List the prime factors of k(-14).
2, 7
Let k = 23 - 21. Suppose -3*d - 53 = -2*d - 4*j, -k*d + 3*j - 131 = 0. Let r = 145 + d. List the prime factors of r.
2, 3
Let s = -1173 + 674. Let u = s + 996. What are the prime factors of u?
7, 71
What are the prime factors of 10405 + 445/(-267)*(-12)/10?
3, 3469
Let p(f) = 76*f**3 - f**2 + f. Let w be p(1). Suppose 0 = 4*t - 3*t - w. What are the prime factors of (t/10)/((-2)/(-10))?
2, 19
Let l be 61/4 - (21/(-12) - -1). Suppose l = 4*y - 0, -y = -u + 290. Let o = -169 + u. List the prime factors of o.
5
Suppose 3*u - u - 5*n = 68, 5*u - 5*n = 185. Suppose u*v = 44*v - 60. What are the prime factors of v?
2, 3
Suppose -4*i + 3*i + 2582 = 0. Let r = -1841 + i. Suppose 3*g + 2*s + 72 = 509, 3*s = 5*g - r. List the prime factors of g.
3, 7
Let y = 16196 + 41152. List the prime factors of y.
2, 3, 59
Suppose -131*b + 111*b = -444380. What are the prime factors of b?
17, 1307
Suppose -21 + 8 = q + 4*l, 3*q - 5 = -l. Suppose -2*o - 312 = -2*t, -332 = -q*t + t - 3*o. Let d = t - 75. List the prime factors of d.
5, 17
Suppose 2*d - 3*y - 2 = 0, 0*y - 19 = -d - 3*y. Let v(q) = 7 - 18*q + d - q**2 - 15 + 6. List the prime factors of v(-17).
2, 11
Let x(s) = 1217*s**3 - 2*s**2 + s. Let t be x(1). Suppose 94*k = 95*k - t. What are the prime factors of k?
2, 19
Suppose 2*h - 47226 = -9*c - 3*c, 0 = 5*h - 4*c - 118269. List the prime factors of h.
3, 7883
Let f(a) = 187*a + 197. Let l be f(-8). Let m = -761 - l. List the prime factors of m.
2, 269
Let t = -16414 - -29261. List the prime factors of t.
29, 443
Suppose -2*y = o - 9572, 18*y - 21*y - 4*o = -14373. What are the prime factors of y?
4783
Suppose 0 = 125*m - 4883695 - 3304180. What are the prime factors of m?
31, 2113
Let u(n) = 2*n + 264. Let y be u(-11). Let p = y - 222. What are the prime factors of p?
2, 5
Let r be (-8)/44 + (-1215)/33. Let v = r + 35. List the prime factors of (2 - (-140)/(-8))*v.
31
What are the prime factors of 42/10*155/186*166008/21?
2, 6917
Let o = -44 - -49. Suppose -3*u + 5 = 5*w, o*u - 17 - 10 = w. Suppose -u*a = -y + 36 + 69, -247 = -3*y - 2*a. List the prime factors of y.
5, 17
Suppose -88 = -4*v - 108. Let j(x) be the second derivative of 3